l(w) be the second derivative of w**5/2 - w**4/6 + w**3/6 + 15*w. Let a(h) = h**3 + h**2 - h. Let j be a(1). Determine l(j).
9
Let m(i) = 4 + i**2 - i + 0*i - 4. Let u be m(-1). Let q(s) = -5*s - s**2 + 3*s + 2 + 3*s**2. Calculate q(u).
6
Let x = 5 - 5. Suppose x = 5*w - 2 + 22. Let u(i) = i - 3. Give u(w).
-7
Suppose y + 2 - 1 = 0. Let i be (2 - y)/(3/2). Let s(t) = -6*t**2 + 7*t - 1. Let g(b) = -5*b**2 + 6*b - 1. Let l(f) = -5*g(f) + 4*s(f). Give l(i).
1
Let a(x) = x**3 - 3*x**2 - 6*x + 4. Let q = -6 - -4. Let m(f) be the second derivative of f**4/12 - f**3/6 - f**2 - f. Let c be m(q). What is a(c)?
-4
Let d(c) = -c + 0 + 5 - 7 + 2*c. Let f = 2 - 0. Suppose 5*r - f*n = 27, 0*n - 10 = -3*r - 5*n. Calculate d(r).
3
Let u(q) = -4*q - 1. Suppose 5*n = 4*f + 7, 5*n - f - 4*f = 10. Give u(n).
3
Let m(d) = 3 + 0 - 42*d + 39*d. Let i(g) = g. Let c(q) = i(q) + m(q). Calculate c(2).
-1
Let x(n) be the first derivative of -n**2/2 + 2*n - 5. Calculate x(3).
-1
Let c(q) = 2*q. Suppose 0 = 4*u - 2*u. Suppose -s + 4 = -2*w, s - w - 2 + 1 = u. Calculate c(s).
-4
Let q(h) be the second derivative of -1/20*h**5 + 1/2*h**2 + 1/2*h**4 - 1/6*h**3 + 0 + 6*h. What is q(6)?
-5
Let a(l) be the second derivative of l**4/12 + 4*l**3/3 + 11*l. Calculate a(-7).
-7
Let v(d) = 4*d - 1. Let m = -16 - -19. Calculate v(m).
11
Let f be 5*(-2 + 24/10). Let q = -8 + 8. Let j(p) = 2*p**2 + q*p - 2*p + 0*p**2. Determine j(f).
4
Let i = 7 - 5. Let u(m) = -2 - 1 + 0*m**2 + m + 5*m**i + m**3 + m. Calculate u(-4).
5
Let i be 4/22 + 300/44. Let l(f) = f**2 - 7*f. Let o be l(i). Let n(w) = -w**2 - 3. Calculate n(o).
-3
Let x = 4 - 2. Let h(m) = -m**2 - 1. Let f(c) = c**2 + c + 1. Let y(t) = 4*f(t) + 5*h(t). What is y(x)?
3
Let h = -5 + 6. Let x(f) = 1 + 3*f + f**2 + h + 1. What is x(-4)?
7
Let l = -14 - -14. Let n(c) = 6*c + 4*c + 3 - 12*c + l*c. What is n(-4)?
11
Let p(z) be the third derivative of -z**5/60 + z**4/24 - z**3/2 - 2*z**2. Give p(0).
-3
Let s(a) = a + 3. Let p be s(-3). Suppose -u + 3*m = -3, 5*m = -u - p*m + 11. Let t(h) = h - 2. Calculate t(u).
4
Let i(m) = -2*m**2 + 2*m - 7. Let y be i(0). Let h(c) = -c - 9. Calculate h(y).
-2
Let s = 8 - 6. Suppose -3*o = -4*m - 1, 0*o - s*o + 2 = -2*m. Let n(u) = -u + u - u**m. What is n(-2)?
-4
Suppose -4*q = q - 15. Let p(k) = -k**2 + 6*k - 2. Calculate p(q).
7
Let a = 4 + -2. Let r(u) = -u + 2*u**2 + 0*u**2 + 0*u + a*u**3. What is r(-2)?
-6
Let n be (-24)/15*(-25)/10. Let y(c) = -2*c + 3. Calculate y(n).
-5
Let f(m) = -m**2 - 7. Let v = -133 + 133. Give f(v).
-7
Let g = -15 + 19. Let c(a) be the third derivative of 0 + 1/2*a**3 + 0*a - 2*a**2 + 1/8*a**g - 1/120*a**6 - 1/20*a**5. Calculate c(-3).
-6
Let l(t) = -t**2 - t + 5. Let n be (-6)/(-9) + 35/(-3). Let z(c) = -c**3 - 10*c**2 + 12*c + 11. Let d be z(n). What is l(d)?
5
Suppose -2*p + 6*p + 8 = 0, -3*m + 5*p + 4 = 0. Let c(j) = -9*j + 5. Let l(o) = 10*o - 6. Let h(t) = 7*c(t) + 6*l(t). What is h(m)?
5
Let k = 9 + -6. Suppose -4 = k*i - g, 3*g = 20 - 8. Let p(o) be the third derivative of -o**6/120 - o**5/60 + o**4/24 + 3*o**3/2 - 2*o**2. Calculate p(i).
9
Let q(j) = -5*j**3 - 10*j**2 - 4*j - 3. Let h(t) = t**3 + t**2 + t. Let v(a) = -6*h(a) - q(a). Suppose -5*u + 14 = y, 4*u + y = 5*y - 8. Determine v(u).
7
Let b(m) = 6*m**2 + m - 1. Let d be (-2)/3*6/(-4). Give b(d).
6
Let o(y) = y**2 - y - 2. Let u be o(3). Suppose -u*j = -s, 3 = -3*j + 4*j - s. Let g(w) = 6*w. Determine g(j).
-6
Let m(r) = -5*r - 6. Let t(n) = 14*n + 17. Let x(l) = -11*m(l) - 4*t(l). Let u be x(-4). Let y(v) = -5 - u*v - 1 + 0*v - v. Calculate y(-4).
6
Let a(x) = -x. Let q be a(-4). Let m = q - 1. Let s(v) be the third derivative of v**5/60 - v**4/12 + v**3/2 + 16*v**2. Determine s(m).
6
Suppose -23*o - 2 = -21*o. Let b(u) = 2*u + 1. Determine b(o).
-1
Let f(y) = -y + 1. Let p(x) = -5*x + 9. Let o(u) = -4*f(u) + p(u). Let a(s) be the third derivative of -s**6/120 + s**4/12 + 9*s**2. Let w be a(0). Give o(w).
5
Suppose -12 = -n + 2*d, 2*n - 4*d - 10 = 7*n. Let w(o) = n + 0*o + 3*o**2 - 3*o + o - o**3 - 3. Let c be (6/(-4))/((-3)/4). What is w(c)?
-1
Let j(l) = -2*l - 8 + 19 - 10 - l. Let h = 0 + 0. Let o be (1 - 2)/(-1) - h. What is j(o)?
-2
Let t(g) be the first derivative of -g**2/2 + 4*g - 6. Suppose -3*f + 67 = -4*c, 34 = 5*c + 9. Suppose 5*x - f = -4. What is t(x)?
-1
Let j(t) be the second derivative of t**5/20 + 5*t**4/12 - 5*t**3/6 + 3*t**2 + 8*t. Give j(-6).
0
Let l(u) = u**3 - 4*u**2 + 3. Let r be 1*3/((-4)/4). Let s be 2 - 4 - (r - 2). Determine l(s).
-6
Let z(i) = -2*i**2 + 5*i**2 - i**2 + i + 14*i**3 + 0*i**2. Give z(-1).
-13
Let z be 10/(-55) + 24/11. Let o(j) be the second derivative of -2*j + j**3 + 0 - 1/4*j**4 + 5/2*j**z - 1/20*j**5. Give o(-4).
-3
Let y = 9 + -45. Let n be (8/(-6))/(8/y). Let d(m) = m - m**2 - 4 - 2*m + n*m. Give d(4).
0
Let n(d) = -d**2 + d + 4. Suppose 0 = 11*t - 12*t - 3. What is n(t)?
-8
Let y(b) = 11*b**2 - 2*b + 1. Suppose 4*k = 7*k - 3. Calculate y(k).
10
Let j(t) = -t**2 - 3*t + 1. Suppose 0*d = -2*d - 16. Let n = d + 10. What is j(n)?
-9
Suppose 4*t - 26 - 22 = 0. Suppose -2*p = 2*p - f + t, f - 10 = 3*p. Let s be (-5)/p + 9/6. Let g(y) = y + 4. What is g(s)?
8
Let w(r) = -r**2 + 2*r - 3. Suppose -5*a = -5*p + 5, -5*a + 25 = p - 0*p. Suppose 4*x + 8 = -a*u, -x + 0*u = -3*u - 14. What is w(x)?
-3
Let j(g) = -3*g + 9. Let v = 61 + -54. Give j(v).
-12
Suppose -4*v - 3 = 1. Let w(t) = -t. Let o(q) be the first derivative of 3*q**2/2 + 12*q + 17. Let f(g) = v*o(g) - 4*w(g). Determine f(5).
-7
Let a(f) = -f**3 + 8*f**2 - 5*f - 9. Suppose -9 = -5*l + 26. Let h be a(l). Let t(c) = 2*c. Give t(h).
10
Let q(s) = -s - 2. Let h(p) be the third derivative of p**4/6 + 3*p**2. Let i be h(-3). Let a be -3*10/i*2. Determine q(a).
-7
Suppose 16 = -16*q - 48. Let i(t) = -t**3 - 4*t**2 - t - 2. What is i(q)?
2
Let w(b) be the second derivative of -b**7/140 + b**6/180 + b**5/120 - 5*b**3/6 - 6*b. Let l(u) be the second derivative of w(u). What is l(-1)?
7
Let t(n) = -2*n + 9. Let m be t(6). Let k(p) = -2*p**2 - p - 1. Let h(f) = f**2 + 2. Let c(w) = -3*h(w) - 2*k(w). Calculate c(m).
-1
Let w(i) = -2*i**3 + i + 2 + 1 + 3*i**3. Suppose 2*x = x. Let v be w(x). Let y(z) = z. What is y(v)?
3
Let o(y) be the first derivative of -y**4/4 + y**3/3 + 2*y - 38. Calculate o(0).
2
Let f be (1 - (-2 + 3))*-1. Let x = 2 + f. Let p(q) = 4*q + 1 - 2*q + x*q - 5*q. Determine p(1).
0
Let z(x) = -127*x**3 + x + 10 - 12 + 4*x**2 + 128*x**3. Calculate z(-4).
-6
Let p(b) = -b**3 + b**2 - b + 6. Let s be p(0). Let w(y) = 2*y - 9. What is w(s)?
3
Let h(p) = 3*p - 6. Let n(l) = 16*l - 31. Let q(c) = -11*h(c) + 2*n(c). Suppose 0*w - 4*w + 20 = 0. Suppose -5*y + 45 = 4*u, -w*u + 15 = -2*y - 0. Give q(y).
-1
Let g(d) be the first derivative of 5*d + 5 - 1/2*d**2. What is g(0)?
5
Let t(p) = -p + 10. Let j be t(11). Let a(i) = -2. Let b(y) = 8*y - 9. Let g(o) = 3*o - 3. Let v(d) = -4*b(d) + 11*g(d). Let q(f) = 3*a(f) + 2*v(f). Give q(j).
-2
Suppose 4*w = -o + 7*w - 21, 4*o = -4*w - 4. Let l(z) = -z**3 - 5*z**2 + 5*z - 2. Determine l(o).
4
Let g(w) be the second derivative of -w**3/6 + 3*w**2 - 11*w. Let v = -5 + 11. What is g(v)?
0
Let u(o) = o + 6. Let j(c) be the first derivative of c**2/2 - 11*c + 1. Let l be j(9). Let i = -5 - l. What is u(i)?
3
Let l(b) = -b**3 - 5*b**2 + 5*b. Let u be (-6)/(-27) - (-112)/(-18). Determine l(u).
6
Suppose 0*i = 5*j + 2*i + 16, -3*j = i + 10. Let k(b) = -b - b**2 - 4*b + 3 + 0*b**2. Calculate k(j).
7
Let a(x) = -14 + 10*x**2 + 15*x - 3*x + x**3 - 24*x. Let p be a(-11). Let i(q) = q + 3. Give i(p).
0
Let g(k) = 3*k - 2*k + 0 - 3 + 8 + k**3. Suppose 0*x + 3*x = 0. Suppose 7*y - 3*y = x. Determine g(y).
5
Let a = 2 - 4. Let d(n) be the first derivative of n**5/20 + n**4/8 + n**3/3 + 2. Let x(b) be the third derivative of d(b). Calculate x(a).
-9
Let z(y) be the first derivative of -3*y**2 - y + 56. Calculate z(2).
-13
Let h(y) = 2*y + 3. Let b be h(-4). Let g(a) = -2*a - a**3 - 47 - 5*a**2 + 21 + 27 + a. Give g(b).
6
Let c(p) = 5 + 2 - 3*p**2 + p**2 - 6. What is c(1)?
-1
Let x(a) be the first derivative of a**2/2 + 11*a + 1. Determine x(-6).
5
Let r(x) = 0*x + 2*x**2 + 12*x**3 - x + 2*x. Let i(m) = -3*m + 14. Let n be i(5). Give r(n).
-11
Let k(t) = -2*t**2. Suppose 2*o + 3*c +